 What is the remainder when u is divided by k(5)?
11
Suppose -3*p - 25 = 2*p. Let n = p + -15. What is the remainder when 11 is divided by -5*1*n/25?
3
Let m be 174/4*8/12. Suppose -h + 3 = 0, -z + m = 4*z + 3*h. Suppose -z*a - 5*c + 32 = -0*a, 2*c = -3*a + 31. Calculate the remainder when a is divided by 5.
3
Suppose -3*d + 243 = -4*u, 0 = -d + u - 16 + 98. What is the remainder when d is divided by 22?
19
Let y = 38 - -25. What is the remainder when y is divided by 13?
11
Let f = 8 + -5. Suppose -l = u - 6, f*l + 0*u = -2*u + 16. Calculate the remainder when 6 is divided by l.
2
Suppose 0*q + 5*g + 6 = -2*q, -q - 5*g = 8. Let l be 5/(5/q)*-5. Calculate the remainder when 10 is divided by 64/10 + 4/l.
4
Let u = -11 + 32. Let k = u - -20. Let q(g) = 14*g. Calculate the remainder when k is divided by q(1).
13
Let x be 1/3 - (-58)/6. Let g = -6 + x. Suppose g*z = -3*c + 46, 53 = 5*c + 4*z - 37. What is the remainder when 64 is divided by c?
20
Suppose 0 = 3*f - 5*j - 47, 2*j + 2*j - 116 = -4*f. Suppose -3*c = -f - 33. What is the remainder when 55 is divided by c?
17
Let l(x) = x**2 - 10*x + 11. What is the remainder when l(9) is divided by 2?
0
Let r(b) = -b**3 - 6*b**2 + 8*b + 9. Let d be r(-7). Let v = d - 0. What is the remainder when 25 is divided by ((-13)/3)/(v/(-6))?
12
Suppose 0*m + 17 = 4*m - 5*h, -3*m + 4*h + 14 = 0. Suppose 0 - 22 = -2*j. Calculate the remainder when j is divided by 5/m*(-36)/15.
5
Calculate the remainder when 34 is divided by -8 - -8 - (0 + -2 - 2).
2
Suppose 0 = -u + 2*k + k + 5, 0 = -2*u + 5*k + 13. Calculate the remainder when 69 is divided by u.
13
Suppose -129 = -3*x - 4*u - 49, -2*u - 44 = -2*x. Let h = 79 - 33. What is the remainder when h is divided by x?
22
Let u be (40/6)/(5/15). Suppose -p = -3*p + u. Calculate the remainder when p is divided by 11/3 + 3/9.
2
Let i = -23 - -40. Suppose -2*c = -0*c + 8. Calculate the remainder when (-1)/c - 390/(-8) is divided by i.
15
Let t(u) = -3*u + 5. Let a(z) = z + 1. Let q(w) = 4*a(w) + t(w). What is the remainder when q(12) is divided by 8?
5
Suppose 5*p - 742 - 1118 = 0. Suppose j + 3*j = p. Calculate the remainder when j is divided by 24.
21
Let f(k) = 3*k**3 - k**2 - k - 4. Suppose -6*q + 46 = -3*q + 5*z, 38 = q - 4*z. Calculate the remainder when f(3) is divided by q.
21
Let z = 1 + -1. Suppose -o + z*o + 4*a = -12, 69 = 2*o + a. What is the remainder when o is divided by 11?
10
What is the remainder when 41 is divided by (-36)/(0 - 2) + -3?
11
Let w = -14 + 28. Let c = -20 + w. Let l = 3 - c. What is the remainder when 16 is divided by l?
7
What is the remainder when (1/(-2) - 0)*(-35 + 1) is divided by 11?
6
Suppose -33*k = -44*k + 660. What is the remainder when k is divided by 22?
16
Let a(i) = i**3 + 4*i**2 - 7*i - 6. Let g be a(-5). Suppose -h + g = -6. Calculate the remainder when 37 is divided by h.
7
Calculate the remainder when ((-1)/2)/(7/(-644)) is divided by 13.
7
Suppose 2*d = -3*d + 145. Calculate the remainder when d is divided by 10.
9
Let s be (-4)/(-16) - 171/(-4). Suppose 0*r - 4*r - 149 = -3*h, -s = -h + 3*r. What is the remainder when h is divided by 14?
13
Let j = 69 + -49. Suppose 5*f - j = 20. Suppose -t + f + 12 = 0. Calculate the remainder when t is divided by 7.
6
Suppose -4*s - 3*r = -9, -s - 4*s = -r - 35. Let t = -3 + s. What is the remainder when -1 - (153/t)/(-1) is divided by 13?
11
Let g = -46 - -50. What is the remainder when 6 is divided by g?
2
Suppose -o - 9 - 15 = -m, 2*m + o = 51. What is the remainder when 71 is divided by m?
21
Suppose -2*g - g = 3*i - 87, -3*g = -2*i + 68. Calculate the remainder when 123 is divided by i.
30
Suppose t - 5*t - 66 = -2*s, -s = 3*t - 58. What is the remainder when s is divided by 22?
21
Let f(i) = -i + 8. Let j be f(5). Let h be (j/2)/(8/(-96)). Calculate the remainder when 11 is divided by 8/3 + (-6)/h.
2
Let n = -65 - -32. Let u = n + 59. Let r(a) = a + 29. Calculate the remainder when u is divided by r(-15).
12
Suppose 2*m = 6*m - 84. Calculate the remainder when 82 is divided by m.
19
Suppose 8*p = 5*f + 4*p + 12, f - 3*p + 9 = 0. Suppose -4*l + 9*l - 50 = f. Let r = 11 - -18. Calculate the remainder when r is divided by l.
9
Suppose -2*q + 0*q + 20 = 0. Let r(o) = q - 3 + o - o**2 + 4*o. What is the remainder when 13 is divided by r(5)?
6
Let w be (-2)/(-10) - (-70)/25. Let y = 3 - w. Suppose y = 3*p - 2*l - 17, -2*p - 5*l + 45 = 3*p. What is the remainder when 19 is divided by p?
5
Let g = -54 + 94. Calculate the remainder when 159 is divided by g.
39
Suppose -i + 208 = 3*k, 2*k + 6*i - 132 = 2*i. What is the remainder when k is divided by 19?
13
Let w be ((-18)/12)/(2/(-28)). Let k = w - -5. Suppose 4*t - 5*f - 66 = 0, -f = 3*t + 13 - 53. Calculate the remainder when k is divided by t.
12
Let w(y) be the first derivative of 21*y**2/2 - 2*y - 10. Let m = 1 + 1. Calculate the remainder when w(m) is divided by 21.
19
Let y be (-3 + 4)/(2/(-2)). Let w = y + 4. Suppose -w*r + 4*r = 32. Calculate the remainder when r is divided by 11.
10
Calculate the remainder when 3/(-18) - (-1070)/12 is divided by 18.
17
Let c(p) = p**3 - p**2 - p - 3. Let j(g) = 2*g**2 + 2*g - 5. What is the remainder when j(4) is divided by c(3)?
11
Let q(c) = -4*c**3 + c**2 + 2*c + 1. What is the remainder when 15 is divided by q(-1)?
3
Let d(u) = 7*u. Suppose 22 = 3*a - 2. Suppose -a = -0*g - 2*g. Calculate the remainder when d(1) is divided by g.
3
What is the remainder when (156/10)/(8/20) is divided by 10?
9
Suppose -3*b - 2*p + 107 = -4*p, -3*b - p + 104 = 0. Suppose q + 5*f - 24 = 0, -5*q - 2*f + 8 = -5*f. What is the remainder when 14/4*100/b is divided by q?
2
Suppose 0*h + 14 = 2*h + o, 0 = 5*h + 3*o - 35. What is the remainder when 25 is divided by h?
4
Let w(o) = -2*o - 24. Let b(g) = -g - 12. Let d(q) = 5*b(q) - 3*w(q). What is the remainder when 10 is divided by d(-6)?
4
Suppose -19*b + 30*b - 55 = 0. Calculate the remainder when b is divided by (8/(-6) + 2)*6.
1
Let p(b) = -b**2 - b + 1. Let l be p(-4). Let t = l + 23. Calculate the remainder when t is divided by 7.
5
Suppose -33 = -x + 3*s + s, -5 = -5*s. What is the remainder when x is divided by 1*13 - 0/1?
11
Suppose 4*n = -x + 130, -2*x + 327 = -5*n + 67. Let o = 49 + x. Suppose -3*r - 31 = -l - r, 3*r = -4*l + o. Calculate the remainder when l is divided by 21.
20
Suppose -6*b + 2*b + v = -41, b = 5*v + 15. Let g be 1/(-2 + 1) + 5. Suppose -g*p = -p - 12. Calculate the remainder when b is divided by p.
2
Suppose -2*s - v + 11 = 0, 0*s + 4*v - 29 = -3*s. Calculate the remainder when 32 is divided by 1/3 + 50/s.
15
Let n(t) = -3*t**2 - 2*t + 6. Calculate the remainder when 15 is divided by n(0).
3
Let g = 19 - 9. Let a = g + -2. Calculate the remainder when ((-23)/3)/((-2)/6) is divided by a.
7
Let l(j) = 2*j**3 + j**2 + 2. Let b = 1 + 63. What is the remainder when b is divided by l(2)?
20
Let a(y) = -y - 2. Let q be a(12). Let k = 23 + q. What is the remainder when 12 is divided by 46/6 + (-6)/k?
5
Let l(o) = 22*o - 3. Let b = -5 - -7. Suppose -5*s = -76 - 29. What is the remainder when l(b) is divided by s?
20
Let u(v) = -v**3 + 2*v**2 + 5*v - 4. Let k be u(3). Let g be -1 + -14 - -2 - k. Let j = g - -24. Calculate the remainder when j is divided by 5.
4
Let g = -1 + 46. What is the remainder when g is divided by 16/(-12)*(2 + -14)?
13
Let k(j) = j**3 + 8*j**2 + 5*j + 9. Calculate the remainder when 76 is divided by k(-3).
37
Suppose 88 = 4*m - 72. What is the remainder when m is divided by 21?
19
Let d(r) = 6*r + 12. Calculate the remainder when 142 is divided by d(6).
46
Let p(x) = -44*x + 5. Let k(l) = 132*l - 14. Let i(h) = 3*k(h) + 8*p(h). Let q be i(-2). Calculate the remainder when (12/30)/((-1)/q) is divided by 13.
10
Suppose 2*d = -5*q + 30, -3*d + q = -0*q - 11. Suppose d = z + 1. What is the remainder when 5 is divided by z?
1
Let x(a) = a**2 + 3*a + 7. Calculate the remainder when x(-7) is divided by 13.
9
Let g = 8 - 11. Calculate the remainder when g*16/(-18)*3 is divided by 3.
2
Let y = 70 - 35. Let z = 75 + -62. Calculate the remainder when y is divided by z.
9
Suppose 2*o + 3*r - 36 = 0, 5*o - r - 56 = -0*r. What is the remainder when 35 is divided by o?
11
What is the remainder when 2061/99 + (-2)/(-11) is divided by 12?